, 0 = 4*c - 0*d - 3*d - 44. Suppose -2*h = -c - 8. What is the remainder when 4/14 + 96/7 is divided by h?
6
Let c(y) = 2*y**2 + 3*y. Calculate the remainder when c(4) is divided by -2*(17/(-2) + 1).
14
Suppose -41*g = -46*g + 145. What is the remainder when 56 is divided by g?
27
Let o(u) = u**2 - u + 4. Let b be o(0). Suppose b*g = 8*g. Suppose g*r - 25 = -5*x - 3*r, -15 = -3*r. What is the remainder when x is divided by 1?
0
Suppose 3*g - 5*i = -0*i + 2, -4*i = -3*g - 2. Suppose 0*b = 2*b + 4*s - 32, -4*b - 4*s = -48. Let n = b + g. Calculate the remainder when n is divided by 2.
0
Suppose -12 = -3*h, 4*r = -0*h + 2*h + 380. What is the remainder when r is divided by 25?
22
Suppose v + l + l = 12, 47 = v - 5*l. What is the remainder when 85 is divided by v?
19
Let r(b) = -3*b + 2. Let l be r(-6). Let a = 45 - l. What is the remainder when a is divided by 9?
7
Suppose -9 = 4*n + 3. Let c be ((-2)/n)/((-10)/(-45)). Suppose c*i - i = 10. Calculate the remainder when 13 is divided by i.
3
Let s(m) = -5*m**3 - m**2 - 2*m. Let u be s(2). Let g = u - -88. What is the remainder when g is divided by 21?
19
Suppose -3*x + 54 + 93 = 0. Calculate the remainder when x is divided by 20.
9
Suppose 3*k - 7*g + 5*g - 46 = 0, 0 = -2*k + 4*g + 36. What is the remainder when k is divided by 10?
4
Let t = 15 - 13. Suppose -7*a + t*a = -85. What is the remainder when 31 is divided by a?
14
Suppose 5*v = 0, 2*s + 3*v - 35 - 11 = 0. Suppose y + 11 - 30 = 0. Let a = y - 11. What is the remainder when s is divided by a?
7
Let c be 0/(-3*4/6). Let w be 0/((-3 + c)/(-3)). Suppose -4*b + w*d - 4*d + 64 = 0, 0 = 3*b + 5*d - 40. Calculate the remainder when b is divided by 11.
9
Suppose a = -0*q - 3*q - 4, -2*a + q + 20 = 0. Let w = a - -4. What is the remainder when 45 is divided by w?
9
Suppose 0 = -2*y - 8, 0*x = -3*x - 5*y + 4. Suppose -3*r + 29 = -2*r + h, 0 = 3*r - 5*h - 95. Calculate the remainder when r is divided by x.
6
Suppose -4*f - 3 - 8 = -3*w, 4*w - 17 = 3*f. Let z = 0 - -3. What is the remainder when w is divided by z?
2
Let i(x) = -x + 2*x + 3*x**2 + x**2. Calculate the remainder when 3 is divided by i(-1).
0
Let l(f) = f + 14 - 1 + 18 + 7. Calculate the remainder when l(0) is divided by 13.
12
Calculate the remainder when 81 is divided by (168/(-70))/((-1)/5).
9
Suppose 41 = -w + 2*w. What is the remainder when 326 is divided by w?
39
What is the remainder when 2/(4/139) + (-6)/4 is divided by 18?
14
Suppose 6*f = 3*f + 5*l + 340, f + 5*l = 100. Suppose -o + 0*k = k - 35, -3*o = 4*k - f. What is the remainder when o is divided by 8?
6
Suppose -3*w - 4*b + 13 = -2*w, -5*b + 25 = 3*w. What is the remainder when 8 is divided by w?
3
Let c(d) = -3*d**2 + 6*d**2 + d - 2*d**2 - 4. Suppose -11 = -4*i - 31. What is the remainder when 31 is divided by c(i)?
15
Suppose -4*o + x + 118 = 0, 7*o - 2*x = 4*o + 91. What is the remainder when 56 is divided by o?
27
Let h be 140/(-18) - 2/9. Let y = h + 18. What is the remainder when y is divided by 4?
2
Let l = 54 + -24. Let b(q) = q**3 - 4*q**2 - 3*q + 3. Let i(p) = -p. Let s(o) = b(o) + i(o). Calculate the remainder when l is divided by s(5).
6
Let j = -9 - -24. Let t = -3 + j. Calculate the remainder when t is divided by 7.
5
Let j = 103 - 51. What is the remainder when j is divided by 18?
16
Suppose 40 = 6*o - o. Let h = -20 - -21. Suppose -b + 3 = -g - h, 2*b = 4*g + o. Calculate the remainder when b is divided by 2.
0
Let m = 1 + 7. Let j = 55 - 33. Calculate the remainder when j is divided by m.
6
Let w be ((1 - -5)/2)/1. Let m = w - -11. What is the remainder when 27 is divided by m?
13
Let d = -68 + 130. Calculate the remainder when d is divided by 16.
14
Suppose 5*h - 81 = 2*h. What is the remainder when h is divided by 7?
6
Suppose 3*b - 54 = -3*o, 3*o + 0*b + 2*b = 52. Let c = -10 - -10. Suppose c = -5*y + 2*y + 183. What is the remainder when y is divided by o?
13
Suppose -5*t - 12 = -32. Suppose -d - t = -4*w, 3*d - 4 = 5*w - 2. Suppose 11 + 13 = 6*o. Calculate the remainder when o is divided by w.
0
Let h = 32 - 19. Let g = h - 7. Suppose -p - g = p, -5*p + 19 = 2*n. Calculate the remainder when 32 is divided by n.
15
Let g(s) = -3*s. Let x be g(1). Let r(a) = a + 3. Let w be r(x). Let q(t) = t**3 + t + 32. Calculate the remainder when q(w) is divided by 11.
10
Let x be (-626)/(-14) + (-2)/(-7). Let o = 7 + x. What is the remainder when o is divided by 18?
16
Let l(i) = i**3 + 8*i**2 + 2*i + 3. Let c(t) = 12*t**2 + 7 + 0 - 6. Calculate the remainder when l(-7) is divided by c(1).
12
Suppose -183*h + 177*h + 120 = 0. What is the remainder when (-37)/(((-2)/1)/2) is divided by h?
17
Suppose -18*o + 21*o - 48 = 0. Calculate the remainder when 63 is divided by o.
15
Let r(x) = 4*x**2 + 2*x - 2. Let q(y) = 4*y - 7. Let n be q(7). Calculate the remainder when r(3) is divided by 40/3 + 14/n.
12
Let h(y) = -3*y**3 - 3*y**2 - 2*y - 2. Calculate the remainder when h(-2) is divided by 10.
4
Let j be -22 - (-4 + (-1 - -3)). Let g = j + 33. Calculate the remainder when 23 is divided by g.
10
Suppose 1254 = 19*w - 0*w. Calculate the remainder when w is divided by 14.
10
What is the remainder when (-1665)/(-20) + 6/8 is divided by 29?
26
Suppose 0*u + 3*u - 48 = 0. What is the remainder when 30 is divided by u?
14
Suppose 4*n - 2*r = 44, 4*r = -n + 2 - 0. Let f(g) = -2*g - 2. Let o be f(-5). Calculate the remainder when ((-4)/o)/((-2)/72) is divided by n.
8
Suppose 70*r - 75*r = -220. Calculate the remainder when 173 is divided by r.
41
Let g = -10 + 24. What is the remainder when g is divided by 4?
2
Let s(t) = -t + 4. Let b be 2/(-6) - (-2)/6. Let v be s(b). Suppose 0 = -p + 4*q + 13, q = -3*q - v. What is the remainder when 25 is divided by p?
7
Let w be (8/6)/((-8)/(-12)). Suppose 3*d = -3, y - 3*d + w = -0*d. Let i(z) = -2*z - 2. Calculate the remainder when 29 is divided by i(y).
5
Suppose 3*o + 2 = o. Let z(j) = 11*j**2 - 2*j - 1. Let q be z(o). Suppose 3*s + 19 + q = f, -s + 27 = 2*f. Calculate the remainder when f is divided by 9.
7
Let p = -16 + 39. Let f be 2/2 - (-37 + -4). Suppose -3*m - 2*c + f = -0*m, 24 = 3*m - 4*c. Calculate the remainder when p is divided by m.
11
Let b(v) = v**2 + 9*v + 12. What is the remainder when b(-10) is divided by -4*1*(-3 - -1)?
6
Let f(o) = 4*o - 6. Calculate the remainder when 22 is divided by f(3).
4
Suppose -5*c + 265 = -335. What is the remainder when c is divided by 31?
27
Suppose 3*k + 8 = 56. Suppose 4*m - 24 = k. Suppose -4*w = -20 - 132. Calculate the remainder when w is divided by m.
8
Suppose -3*w - 2*x + 0*x = -211, 2*x = w - 65. Calculate the remainder when w is divided by 9.
6
Suppose 2*j - 4*j = -44. Calculate the remainder when j is divided by 8.
6
Suppose 3*q - 17 = 28. Suppose -3*b = b - 324. Suppose 3*t - b = -0*t. What is the remainder when t is divided by q?
12
Suppose 74 = 4*h - 70. Suppose 13 = -y + h. What is the remainder when y is divided by 12?
11
Let a(n) = -n**3 - 4*n**2 + 4*n - 7. Let f be a(-5). Let i = -1 - f. What is the remainder when 3 is divided by i?
0
Let o(d) = -d**3 - 7*d**2 + 6. Calculate the remainder when 34 is divided by o(-7).
4
Suppose -22 = -5*l + 2*x, -4*l + 5*x - 4*x = -17. Let y(j) = j**2 - 9*j + 1. Let p be y(10). Calculate the remainder when l is divided by (-22)/33 + p/3.
1
Let z(v) = -v + 3*v + 4 - 3*v. Let b(s) = -s + 7. Let o be b(4). Calculate the remainder when 1 is divided by z(o).
0
Suppose s - 3*s + 22 = 0. Calculate the remainder when 40 is divided by s.
7
Suppose 6 = -4*g - 6. Calculate the remainder when 11 is divided by g + 10 + (-6)/2.
3
Let h = 0 + 3. Let t be (-36)/h*(-2)/3. Let y = t - 5. What is the remainder when 8 is divided by y?
2
Let h = 48 + 14. Suppose 4*u + 13 = 4*l - 91, 0 = -2*l - 3*u + h. Suppose 2*d + 15 = 2*a + 43, 3*d + 4*a = 14. What is the remainder when l is divided by d?
8
Let u be ((-16)/12)/((-6)/9). Suppose 3*s - u*s - 34 = t, 5*t - 109 = -4*s. What is the remainder when s is divided by 8?
7
Let d(q) = -q**3 + 6*q**2 - 4*q - 2. Let z be d(5). Let i(v) = -2 + z*v**2 + 5 - 2. Calculate the remainder when 11 is divided by i(-1).
3
Let i(h) = -h**3 + 12*h**2 + 17. Calculate the remainder when i(12) is divided by 6.
5
Let s = -47 - -99. Let y(p) = 56*p**3 + 2*p**2 + p. Let l be y(-1). 